der when 2937 is divided by 84.
81
What is the remainder when 321 is divided by 15?
6
What is the remainder when 2078 is divided by 402?
68
Calculate the remainder when 193 is divided by 49.
46
Calculate the remainder when 63 is divided by 59.
4
Calculate the remainder when 734 is divided by 37.
31
What is the remainder when 1766 is divided by 29?
26
Calculate the remainder when 829 is divided by 445.
384
Calculate the remainder when 631 is divided by 156.
7
Calculate the remainder when 59 is divided by 7.
3
Calculate the remainder when 353 is divided by 303.
50
Calculate the remainder when 188 is divided by 172.
16
What is the remainder when 396 is divided by 21?
18
What is the remainder when 5338 is divided by 14?
4
Calculate the remainder when 55 is divided by 11.
0
Calculate the remainder when 928 is divided by 93.
91
What is the remainder when 117 is divided by 17?
15
What is the remainder when 153 is divided by 22?
21
Calculate the remainder when 868 is divided by 15.
13
Calculate the remainder when 14270 is divided by 32.
30
What is the remainder when 559 is divided by 23?
7
Calculate the remainder when 98 is divided by 31.
5
What is the remainder when 1255 is divided by 1?
0
What is the remainder when 271 is divided by 50?
21
What is the remainder when 434 is divided by 424?
10
What is the remainder when 502 is divided by 87?
67
Calculate the remainder when 465 is divided by 18.
15
What is the remainder when 938 is divided by 80?
58
Calculate the remainder when 261 is divided by 67.
60
Calculate the remainder when 563 is divided by 180.
23
What is the remainder when 99 is divided by 13?
8
Calculate the remainder when 5174 is divided by 58.
12
What is the remainder when 961 is divided by 42?
37
What is the remainder when 21570 is divided by 17?
14
What is the remainder when 2126 is divided by 301?
19
Calculate the remainder when 1619 is divided by 125.
119
What is the remainder when 1216 is divided by 243?
1
What is the remainder when 30 is divided by 5?
0
Calculate the remainder when 781 is divided by 14.
11
Calculate the remainder when 467 is divided by 67.
65
What is the remainder when 2639 is divided by 12?
11
What is the remainder when 66 is divided by 51?
15
Calculate the remainder when 164 is divided by 96.
68
What is the remainder when 3243 is divided by 43?
18
What is the remainder when 176 is divided by 54?
14
What is the remainder when 238 is divided by 120?
118
What is the remainder when 2699 is divided by 159?
155
What is the remainder when 1060 is divided by 82?
76
What is the remainder when 107 is divided by 31?
14
Calculate the remainder when 204 is divided by 10.
4
Calculate the remainder when 86 is divided by 36.
14
What is the remainder when 608 is divided by 295?
18
What is the remainder when 204 is divided by 46?
20
Calculate the remainder when 386 is divided by 26.
22
Calculate the remainder when 22 is divided by 6.
4
What is the remainder when 52 is divided by 20?
12
What is the remainder when 933 is divided by 24?
21
Calculate the remainder when 138 is divided by 36.
30
What is the remainder when 121 is divided by 41?
39
What is the remainder when 1027 is divided by 203?
12
What is the remainder when 735 is divided by 72?
15
What is the remainder when 1186 is divided by 85?
81
Calculate the remainder when 999 is divided by 59.
55
Calculate the remainder when 265 is divided by 46.
35
What is the remainder when 231 is divided by 18?
15
What is the remainder when 593 is divided by 18?
17
What is the remainder when 832 is divided by 17?
16
What is the remainder when 697 is divided by 16?
9
What is the remainder when 72 is divided by 17?
4
Calculate the remainder when 74 is divided by 30.
14
Calculate the remainder when 2573 is divided by 78.
77
What is the remainder when 587 is divided by 4?
3
Calculate the remainder when 120 is divided by 33.
21
Calculate the remainder when 589 is divided by 155.
124
What is the remainder when 54 is divided by 28?
26
What is the remainder when 579 is divided by 5?
4
What is the remainder when 374 is divided by 20?
14
What is the remainder when 1241 is divided by 249?
245
Calculate the remainder when 844 is divided by 306.
232
What is the remainder when 33 is divided by 18?
15
What is the remainder when 1161 is divided by 78?
69
Calculate the remainder when 472 is divided by 24.
16
What is the remainder when 188 is divided by 23?
4
Calculate the remainder when 138 is divided by 132.
6
What is the remainder when 342 is divided by 103?
33
What is the remainder when 30 is divided by 14?
2
Calculate the remainder when 1412 is divided by 29.
20
What is the remainder when 925 is divided by 468?
457
Calculate the remainder when 4434 is divided by 886.
4
What is the remainder when 9755 is divided by 34?
31
Calculate the remainder when 407 is divided by 17.
16
What is the remainder when 152 is divided by 4?
0
What is the remainder when 207 is divided by 58?
33
Calculate the remainder when 52456 is divided by 19.
16
What is the remainder when 3256 is divided by 18?
16
Calculate the remainder when 164 is divided by 15.
14
Calculate the remainder when 764 is divided by 107.
15
What is the remainder when 252 is divided by 62?
4
Calculate the remainder when 665 is divided by 218.
11
Calculate the remainder when 249 is divided by 18.
15
Calculate the remainder when 2111 is divided by 29.
23
Calculate the remainder when 492 is divided by 209.
74
What is the remainder when 6428 is divided by 16?
12
Calculate the remainder when 205 is divided by 10.
5
Calculate the remainder when 224 is divided by 9.
8
What is the remainder when 219 is divided by 105?
9
What is the remainder when 895 is divided by 6?
1
Calculate the remainder when 55 is divided by 12.
7
Calculate the remainder when 334 is divided by 28.
26
Calculate the remainder when 265 is divided by 46.
35
Calculate the remainder when 82 is divided by 82.
0
What is the remainder when 53 is divided by 28?
25
What is the remainder when 40 is divided by 12?
4
What is the remainder when 3931 is divided by 14?
11
What is the remainder when 126 is divided by 29?
10
Calculate the remainder when 189 is divided by 7.
0
What is the remainder when 187 is divided by 22?
11
Calculate the remainder when 129 is divided by 39.
12
What is the remainder when 83 is divided by 28?
27
Calculate the remainder when 36 is divided by 21.
15
What is the remainder when 107 is divided by 27?
26
Calculate the remainder when 19 is divided by 12.
7
What is the remainder when 324 is divided by 61?
19
What is the remainder when 627 is divided by 63?
60
What is the remainder when 464 is divided by 167?
130
Calculate the remainder when 375 is divided by 107.
54
Calculate the remainder when 536 is divided by 135.
131
Calculate the remainder when 56 is divided by 34.
22
Calculate the remainder when 4542 is divided by 80.
62
What is the remainder when 315 is divided by 75?
15
What is the remainder when 389 is divided by 19?
9
Calculate the remainder when 1381 is divided by 99.
94
Calculate the remainder when 222 is divided by 85.
52
Calculate the remainder when 141 is divided by 54.
33
What is the remainder when 86 is divided by 34?
18
What is the remainder when 28 is divided by 21?
7
Calculate the remainder when 174 is divided by 35.
34
What is the remainder when 27393 is divided by 7?
2
Calculate the remainder when 224 is divided by 76.
72
What is the remainder when 198 is divided by 55?
33
Calculate the remainder when 134 is divided by 35.
29
What is the remainder when 168 is divided by 87?
81
Calculate the remainder when 445 is divided by 32.
29
Calculate the remainder when 155 is divided by 80.
75
What is the remainder when 3633 is divided by 36?
33
What is the remainder when 2326 is divided by 57?
46
What is the remainder when 639 is divided by 36?
27
Calculate the remainder when 6138 is divided by 37.
33
What is the remainder when 1592 is divided by 527?
11
Calculate the remainder when 29985 is divided by 63.
60
Calculate the remainder when 356 is divided by 160.
36
What is the remainder when 7388 is divided by 434?
10
What is the remainder when 4414 is divided by 23?
21
What is the remainder when 275 is divided by 40?
35
Calculate the remainder when 165 is divided by 83.
8